{"id":206,"date":"2012-07-08T01:15:15","date_gmt":"2012-07-07T23:15:15","guid":{"rendered":"http:\/\/www.c-art-a.de\/wordpress\/?page_id=206"},"modified":"2018-08-18T19:25:26","modified_gmt":"2018-08-18T17:25:26","slug":"c-art-a-produkte","status":"publish","type":"page","link":"http:\/\/www.c-art-a.de\/wordpress\/c-art-a-produkte\/","title":{"rendered":"C-ART-A Produkte"},"content":{"rendered":"<p><a href=\"http:\/\/www.c-art-a.de\/wordpress\/c-art-a-kalender-2019\/\">Kalender<\/a>, Kladden, Mappen, Klemm-Mappen, Klemmbretter, Leporello, Schatullen, Zaubermappen, Adressb\u00fccher, Tageb\u00fccher, Notizb\u00fccher, Dauerkalender<br \/>\nSammel-Mappen, Fotoalben, Hochzeit-Herz-Album<br \/>\nUnikatpapiere &#8222;c-art-a&#8220; (diverse Techniken), z.B.: eigene Siebdruckarbeiten u. Maltechniken<\/p>\n<p>Aber auch:<br \/>\nhochwertige Dekorpapiere aus<br \/>\n&#8211; Japan<br \/>\n&#8211; Italien<br \/>\n&#8211; Nepal<\/p>\n","protected":false},"excerpt":{"rendered":"<p>Kalender, Kladden, Mappen, Klemm-Mappen, Klemmbretter, Leporello, Schatullen, Zaubermappen, Adressb\u00fccher, Tageb\u00fccher, Notizb\u00fccher, Dauerkalender Sammel-Mappen, Fotoalben, Hochzeit-Herz-Album Unikatpapiere &#8222;c-art-a&#8220; (diverse Techniken), z.B.: eigene Siebdruckarbeiten u. Maltechniken Aber auch: hochwertige Dekorpapiere aus &#8211; Japan &#8211; Italien &#8211; Nepal<\/p>\n","protected":false},"author":1,"featured_media":135,"parent":0,"menu_order":0,"comment_status":"closed","ping_status":"closed","template":"","meta":{"footnotes":""},"class_list":["post-206","page","type-page","status-publish","has-post-thumbnail","hentry"],"_links":{"self":[{"href":"http:\/\/www.c-art-a.de\/wordpress\/wp-json\/wp\/v2\/pages\/206","targetHints":{"allow":["GET"]}}],"collection":[{"href":"http:\/\/www.c-art-a.de\/wordpress\/wp-json\/wp\/v2\/pages"}],"about":[{"href":"http:\/\/www.c-art-a.de\/wordpress\/wp-json\/wp\/v2\/types\/page"}],"author":[{"embeddable":true,"href":"http:\/\/www.c-art-a.de\/wordpress\/wp-json\/wp\/v2\/users\/1"}],"replies":[{"embeddable":true,"href":"http:\/\/www.c-art-a.de\/wordpress\/wp-json\/wp\/v2\/comments?post=206"}],"version-history":[{"count":12,"href":"http:\/\/www.c-art-a.de\/wordpress\/wp-json\/wp\/v2\/pages\/206\/revisions"}],"predecessor-version":[{"id":630,"href":"http:\/\/www.c-art-a.de\/wordpress\/wp-json\/wp\/v2\/pages\/206\/revisions\/630"}],"wp:featuredmedia":[{"embeddable":true,"href":"http:\/\/www.c-art-a.de\/wordpress\/wp-json\/wp\/v2\/media\/135"}],"wp:attachment":[{"href":"http:\/\/www.c-art-a.de\/wordpress\/wp-json\/wp\/v2\/media?parent=206"}],"curies":[{"name":"wp","href":"https:\/\/api.w.org\/{rel}","templated":true}]}}